eatest common factor of a and 198?
18
Suppose h + 3*h + 16 = 0. Let y be 6*h/6*-2. Let t = -28129 - -28233. What is the greatest common factor of y and t?
8
Let a be (76/(-16) + 0 + 2)*-4. Suppose 4*c - i = 29, -a*i = -5*c - 6*i + 25. What is the greatest common divisor of c and 64?
8
Let h(s) = 7*s + 65. Let w(g) = -g**3 - 7*g**2 - 2. Let t be w(-7). Let d be h(t). Calculate the greatest common divisor of d and 85.
17
Let y(f) = f**2 - 15*f + 22. Let q be y(13). Let c(o) = 7*o + 44. Let h be c(q). Calculate the highest common factor of 8 and h.
8
Let w = 558 - 371. Suppose 0 = -2*h - 3*j + w, 0*j + 445 = 5*h + 3*j. Let m = h - 18. Calculate the highest common factor of m and 17.
17
Let t be 61 - ((0 - 0) + (7 - 4)). Suppose 2*m = 8 + t. Suppose -38 = -3*z + 2*l + 17, -m = -2*z + 5*l. Calculate the highest common factor of z and 152.
19
Let o be 4/((-48)/33)*-28. Calculate the highest common factor of 28 and o.
7
Let s = 11 + 6. Suppose 0 = -7*t + 14 - 42. Let v(l) = -l**3 - 2*l**2 - 3*l - 10. Let f be v(t). What is the greatest common divisor of f and s?
17
Let j be (-2)/(-2)*(5 + -11858)/(-9). Suppose 3*l + 975 - j = 0. What is the greatest common divisor of l and 152?
38
Let j be 26 + 2/(-4)*2. Let v be ((-30)/3)/(27/(-5400)*16). What is the greatest common factor of j and v?
25
Let g = 95 + 40. Let r = 140 + 7. Suppose r*b - 146*b = 54. What is the highest common factor of b and g?
27
Let m = -6123 - -6167. Suppose d - 74 = -8. What is the greatest common factor of m and d?
22
Let r be 824/(45/5 - 7). Calculate the highest common factor of 12 and r.
4
Let l = 91 - 41. Let s = l + -42. What is the highest common factor of s and 12?
4
Let s = 718 + -706. Let l be 3/s + 5590/40. Calculate the highest common divisor of l and 245.
35
Let n = -28250 - -29087. Calculate the greatest common factor of n and 63.
9
Suppose -4*o + 668 + 238 = -2*q, 5*q + 2289 = 2*o. Let w = q - -497. What is the highest common factor of w and 1026?
38
Let d be (2 + -3)*-6 - -48. Suppose 3*l - 176 = x, -l - 2*x = 7 - d. Let t(z) = -20*z - 1. Let v be t(-1). What is the highest common divisor of v and l?
19
Let g be (51/(-24))/(5/(-40)). Suppose 0 = -28*v + 27*v + 306. What is the highest common divisor of g and v?
17
Let b = 8290 - 8287. What is the highest common factor of b and 5163?
3
Suppose -c + 9470 = 2*z - 27031, -3*c = -3*z + 54738. What is the highest common divisor of 132 and z?
33
Let f(i) = -3 - 1 - 18*i + 31*i - 15*i. Let o be f(5). Let j be o/(-7)*((-14)/(-4) + -1). What is the greatest common factor of j and 65?
5
Suppose -4*n - 7*n = -363. Let d be ((-22)/4 - -4)*-202 + -6. What is the greatest common divisor of d and n?
33
Suppose 15*l - 19*l - 175 = -d, -4*l + 540 = 4*d. What is the highest common divisor of d and 341?
11
Let f = -3 + 6. Suppose -u = 3*u + x - 105, -f*x - 75 = -3*u. Let j be (16/10)/((-16)/(-1040)). What is the highest common factor of j and u?
26
Suppose -103989 = -43*o + 22121 - 14138. Calculate the highest common divisor of 42 and o.
42
Let g(s) = 59*s + 1014. Let a be g(-17). Calculate the greatest common factor of a and 2695.
11
Let v be 13 + ((-86)/(-6) - 880/264). Let k be (-3 - -3)/(1 - 0). Suppose 5*m - m - 96 = k. Calculate the highest common divisor of v and m.
24
Let s be -4 + (-4)/(-20) + (-3608)/(-10). Suppose 2*m - 608 = u, 243 = 2*m - 3*u - s. Calculate the highest common factor of m and 68.
34
Suppose 11*n = -4*n + 315. Let m be (-3500)/n*15/(-10). Let w be -4*(33/(-6) + 3). What is the greatest common divisor of w and m?
10
Let v(p) = p**3 - 11*p**2 + 8*p + 22. Let f be v(10). Suppose f*x = 4*k + 168, 5*x - 350 = -12*k + 8*k. Calculate the greatest common factor of 37 and x.
37
Let t be (10 - -2) + (8 - 42/6). Suppose -14*h + 280 = -t*h. Calculate the highest common divisor of h and 60.
20
Let b = -115 + 119. Suppose 9*s = 59 + b. Calculate the greatest common divisor of s and 4.
1
Let y = -3309 + 3396. What is the greatest common factor of 17139 and y?
87
Suppose 330*d + 77112 = 534*d. Calculate the highest common divisor of d and 42.
42
Suppose 19*c - 2377 - 587 = 0. Suppose -16*z = 10*z - c. What is the highest common divisor of z and 34?
2
Suppose o + 1260 = 6*o. Suppose -61 = -4*z - 3*x - 17, -3*z + 30 = 3*x. What is the highest common factor of o and z?
14
Let m = 242 + 1130. What is the greatest common factor of m and 28?
28
Let k be 2/(-5)*(30 + -6925). Suppose 11*v - 25424 - k = 0. Suppose -38*a + 32*a + v = 0. What is the highest common divisor of a and 61?
61
Let q(a) = 7*a**2 + 13*a + 13. Let m be q(-5). What is the highest common divisor of 2501 and m?
41
Let u(m) = 3015*m - 609. Let y be u(2). Calculate the highest common factor of y and 78.
39
Suppose 9 + 0 = n. Let k(g) = g**3 - 11*g**2 + 21*g - 12. Let q be k(n). Let w be (-243)/(-2) - (-3)/(-2). Calculate the highest common factor of q and w.
15
Let l be (9 + -12)/((-12)/(-16)). Let a be (33/l)/((-9)/444). Calculate the greatest common divisor of 11 and a.
11
Let b = -76 - -78. Suppose 0 = 4*g - 2*w - 130, 0*g + g - 34 = b*w. What is the highest common divisor of g and 48?
16
Let y be -1 - (-3 - (-6)/3). Suppose -197*z + 195*z = -8. Suppose 0*k + 4*k - 56 = -z*u, 3*k - u - 26 = y. Calculate the greatest common divisor of 25 and k.
5
Suppose -21*p - 166 = 1556. Let o = -61 - p. Calculate the greatest common divisor of 15 and o.
3
Suppose -5*i + 5*h - 20 - 20 = 0, 5*i - 4*h = -39. Let q = 16 + i. Suppose m - q = 10. Calculate the highest common divisor of m and 76.
19
Suppose -450 = -j - 435. Let g be (-2)/(-2)*75/j. What is the greatest common factor of 4 and g?
1
Let b = -213 - -54. Let i = 519 + b. What is the greatest common factor of i and 45?
45
Let s(c) = -2*c - 2. Let v be s(-2). Suppose 3 = -y + 3*x + 6, 3*y - v*x = 2. Suppose y = -n + 6. Calculate the highest common factor of 6 and n.
6
Let g be (-10)/4*(-17 + 19) - (-90)/15. Let r be 2*(0 - 7/(-2)). Calculate the highest common factor of r and g.
1
Let g(h) = -4*h**3 - 7*h**2 - 21*h - 13. Let a(m) = -6*m**2 - 22*m - 18. Let r be a(-3). Let z be g(r). Calculate the highest common factor of z and 25.
25
Let j = -185 + 260. Let f = 3614 - 3514. Calculate the greatest common factor of f and j.
25
Let k(v) = -v**2 + 12*v + 4. Let i be k(5). Let d = i - 37. Suppose d*c - 2*g = 78, -2*c + 0*g = g - 72. Calculate the highest common divisor of c and 148.
37
Suppose -50972 + 50994 = 2*k. What is the greatest common divisor of 88 and k?
11
Suppose 0 = -4*t - 8, -p - 7*t = -9*t + 225. Let u = -224 - p. Let i(c) = -c**2 - c + 35. Let q be i(0). Calculate the greatest common factor of u and q.
5
Let y(p) = 6*p**2 + 44*p + 114. Let a be y(-3). Calculate the greatest common divisor of 2196 and a.
36
Suppose -37*g + 807605 = 66*g + 194549. What is the highest common factor of 124 and g?
124
Let a be (0 - (24 - -2))*(-68)/34. What is the greatest common factor of 403 and a?
13
Let r = -865 + 861. Let k be 9/(-12) - (59/r + 8). Calculate the highest common divisor of 12 and k.
6
Suppose -2*v + 4*g + 230 = -0*v, 5*g - 590 = -5*v. Let j = 125 - v. Calculate the greatest common factor of j and 1.
1
Suppose 3*b - 69 = 78. Suppose 13 = -4*v + b. What is the highest common divisor of v and 99?
9
Let t(n) = -30*n**3 + 5*n + 5. Let c be t(-1). Suppose 5*q = -o + 89, -58 = -3*q + 4*o - 0*o. Calculate the highest common divisor of q and c.
6
Suppose -3*m + 5 = 2. Suppose -4*r + 4*o = -32, 0 = r + 3*o + 47 - 39. What is the highest common factor of m and r?
1
Let p(s) = 3*s**2 - 8*s + 15. Suppose -6 = -4*t - 2*j - 0, 5*t - 15 = 5*j. Let h be p(t). Calculate the highest common divisor of h and 11.
11
Suppose 483 = -65*z + 1458. Suppose -20 = 3*f - 2*f. Let w be z/f - (-15)/4. Calculate the highest common factor of w and 3.
3
Let z(d) = d**3 + 18*d**2 + 16*d - 7. Let v be z(-17). Suppose 760 = 18*o - v*o. What is the greatest common factor of o and 76?
19
Let c be (0/7)/(-6) + 72. Let w be (201/9)/(3*4/c). What is the greatest common factor of w and 67?
67
Let o = -3973 + 3981. What is the highest common divisor of 1048 and o?
8
Let h be 443/2 - (-1)/2. Suppose 3*s + q = h, -s - 4*q = -0*s - 63. Let n(a) = 3740*a + 37430. Let r be n(-10). What is the greatest common divisor of r and s?
15
Let s be -7 - ((-6507)/39 + 